
Suppose -d = -4*g - 635, -3*d + 1885 = -0*g - 2*g. Calculate the remainder when d is divided by 42.
39
Let u(p) = p + 29. Let r(s) = -2*s - 57. Let a(f) = 4*r(f) + 9*u(f). What is the remainder when 39 is divided by a(-12)?
18
Suppose 243 - 2115 = -13*l. What is the remainder when l is divided by 51?
42
Let z(n) = -3*n + 5. Let g = 2 - 2. Suppose 0 = -c - g*c + 103. Calculate the remainder when c is divided by z(-7).
25
Let w = -42 + 82. Let h = 28 + -25. Let u(r) = 7*r. What is the remainder when w is divided by u(h)?
19
Let m = -47 + 82. Suppose 4*u + 3*w - 23 = 2*u, 5*u = -3*w + m. What is the remainder when u is divided by 3?
1
Let a be -1*3 - (-14)/2. Let h(o) = o**3 - 5*o**2 + 3*o + 4. Let w be h(a). Suppose w = x - 7 - 2. What is the remainder when x is divided by 5?
4
Let w = 636 - 491. Calculate the remainder when w is divided by 53.
39
Calculate the remainder when 161 is divided by ((-9)/(-15))/((-4)/(-100)).
11
Suppose 5*b = -3*d - 2*d + 180, -4*d - 3*b = -139. What is the remainder when 177 is divided by d?
22
Suppose -2*z + 9*x = 12*x - 1655, -25 = 5*x. What is the remainder when z is divided by 84?
79
Let c(z) = -14*z - 36. Calculate the remainder when c(-11) is divided by 17.
16
Let r = -112 + 204. Suppose 5*l - 52 = 18. What is the remainder when r is divided by l?
8
Suppose 0 = -h - 4*a + 33, -4*h - 3*a + 29 = -38. Calculate the remainder when 22 is divided by h.
9
Let j = -926 + 941. What is the remainder when 192 is divided by j?
12
Let u = -32 - -51. Calculate the remainder when (-3)/9 - 10292/(-186) is divided by u.
17
Suppose 216 + 68 = 4*q + 4*o, 2*q = -3*o + 146. What is the remainder when q is divided by 16?
3
Suppose 0 = 5*b + 20, -w + 0*w = b - 65. Calculate the remainder when w is divided by 69.
0
Suppose 0 = -5*w + 4*w - 69. Let q = 88 + w. Let i = 12 + -2. Calculate the remainder when q is divided by i.
9
Let f(h) = 9*h + 3. Let a be ((-27)/2)/(15/(-40)). Let x = 51 - a. Calculate the remainder when f(6) is divided by x.
12
Let v = 121 + 11. Suppose -21*h + 12*h = -405. Calculate the remainder when v is divided by h.
42
Suppose -2*j + 0*j = 4*h - 58, 2*j = 5*h - 50. What is the remainder when 286 is divided by h?
10
Suppose -12*v = -9*v - 54. What is the remainder when 89 is divided by v?
17
Suppose 7*p + 1021 = -659. Let n be ((-2)/(-6))/((-5)/p). Calculate the remainder when 65 is divided by (136/n)/((-2)/(-4)).
14
Let x(j) = -24*j - 133. What is the remainder when 133 is divided by x(-6)?
1
Suppose -5*a + 5 - 2 = -w, a - 27 = -2*w. Calculate the remainder when 14 is divided by w.
2
Suppose 0 = -3*c + 4*t, 0*c - 5*c + t = -17. Suppose -4*a + b = -0*b - 76, 4*b - 76 = -c*a. Calculate the remainder when 53 is divided by a.
15
Let a be (-2)/((-8)/12) - 3. Suppose x - 20 + 13 = a. Let q = x - -4. What is the remainder when q is divided by 4?
3
Let u(g) = -2*g**3 - 3*g**2. Let t be u(-2). Suppose h + 34 = 3*k + 2*h, -3*k + t*h = -44. Calculate the remainder when 22 is divided by k.
10
Let t = 23 - 19. Suppose -v + 3*j = -98, -t*v + j - 5*j = -456. Calculate the remainder when v is divided by 28.
26
Calculate the remainder when 244 is divided by -3*42/18*-7.
48
Suppose 9473 = 33*k - 6664. What is the remainder when k is divided by 70?
69
Suppose -5*j - 5*n + 78 = -527, -360 = -3*j - 2*n. Let z = -102 + j. What is the remainder when 46 is divided by z?
14
Suppose 6*n - 10*n + 5*v = -41, 2*v = 3*n - 29. Calculate the remainder when 75 is divided by n/(-6)*(3 + -7).
3
Let h(i) = -i**3 + 11*i**2 + 12*i + 17. Let v = -107 - -119. Calculate the remainder when 27 is divided by h(v).
10
Let h(k) = -2*k - 6. Let r be h(-8). Suppose -n = n - r. Let j(x) = -2*x - 16. Calculate the remainder when j(-12) is divided by n.
3
Let x = 7 - 3. Let g = -44 - -41. What is the remainder when -14*(g - x/(-8)) is divided by 12?
11
Let g(r) = r + 4. Let m be g(-5). Suppose -77*h - 627 + 2146 = -175. What is the remainder when h is divided by m/(-3) + (-35)/(-3)?
10
Let z(g) = 27*g - 1088. Let x(i) = 10*i + 5 + 0 - 4. Calculate the remainder when z(41) is divided by x(1).
8
Let r(l) = 7 + 0*l - 2 + 29 + 3*l. Calculate the remainder when 11 is divided by r(-10).
3
Suppose 32*c = 43*c - 957. Calculate the remainder when c is divided by 25.
12
Let q = 12 - -4. Let z(h) = -5*h**3. What is the remainder when q is divided by z(-1)?
1
Suppose 324 = 8*t - 20. What is the remainder when 189 is divided by t?
17
Calculate the remainder when 132 is divided by 4 + -3 + (-4)/(-4).
0
Suppose 0*t - 35 = 5*t. Let q = -13 - t. Let h(v) = -v**2 - 8*v - 7. Calculate the remainder when 12 is divided by h(q).
2
Suppose 0 = 4*q - 11 - 13. Suppose 18 + 9 = 9*f. Suppose 60 = 5*b - 5*w, 4*b + 2*w = f*b + 24. What is the remainder when b is divided by q?
4
What is the remainder when (12 - 291/(-12)) + 2/(-8) is divided by 13?
10
Suppose 7 = w - 19. Suppose 8*o - 70 = w. Calculate the remainder when 34 is divided by o.
10
Let m(u) = 2*u**3 + 3*u**2 - u. Let z be m(-3). Let f = z + 43. Suppose -5*b - 3*n + 50 = 0, -2*b + f = n - 0. What is the remainder when 13 is divided by b?
6
Let u(s) = s**3 + 2*s**2 - 2. Let t be u(-2). Let n be t*-3*(-12)/9. What is the remainder when (-2)/n + (-59)/(-4) is divided by 8?
7
Let o = 931 - 894. Calculate the remainder when o is divided by 25.
12
Let v(i) = 2*i**2 + 18*i - 19. Let o be v(-9). Calculate the remainder when (46/8)/(1/4) is divided by (-38)/o + 4*2 + 2.
11
Let d = -16 + 21. Suppose 5*s - 4*s = d. Suppose 10 + 6 = i. Calculate the remainder when i is divided by s.
1
Let j be ((-2)/3)/(6/18). Let o = -9 - j. Let w = 8 - o. Calculate the remainder when 42 is divided by w.
12
Let a(o) = -4*o + 9. Calculate the remainder when a(-43) is divided by 28.
13
Suppose 15*l = 9*l - 60. What is the remainder when (-16)/(-40) - 296/l is divided by 20?
10
Let u(w) = -76*w + 2982. Suppose -s + 6 = -10. Calculate the remainder when u(38) is divided by s.
14
Calculate the remainder when 438 is divided by (12/(-8))/((-355)/176 - -2).
86
Let l = 358 - 277. What is the remainder when l is divided by 43?
38
Let h(n) = 9*n + 14. Calculate the remainder when h(13) is divided by 19.
17
Suppose 2*d - 28 = -2*o + 4*d, o = 3*d + 16. What is the remainder when 360 is divided by o?
9
Let o = -1072 + 1234. Calculate the remainder when o is divided by 56.
50
Let m = 5 - -17. Calculate the remainder when 131 is divided by m.
21
Suppose -4*h = 10*h - 210. Let f(m) = 4*m - 47. What is the remainder when 102 is divided by f(h)?
11
Let v be 13/3 - 28/(-42). Suppose k + 32 = v*k. What is the remainder when 21 is divided by k?
5
Suppose 24*f - 810 = 19*f. What is the remainder when f is divided by 29?
17
Let s = 108 - 123. What is the remainder when 218/16 + (0 - s/40) is divided by 4?
2
Let w(a) = 18*a - 123. Calculate the remainder when 99 is divided by w(8).
15
Let o(f) = 4*f**2 + 9*f - 148. What is the remainder when o(-25) is divided by 30?
27
Let p(y) = -4*y**2 - 3*y - 5. Let h be p(-4). Let r = h - -64. What is the remainder when 46 is divided by r?
4
Let u(s) = -2*s + 2. Let a = -34 + 19. Calculate the remainder when u(a) is divided by 11.
10
Let t = -33 + 36. Suppose t*s - 17 = 4. Let v = 3 + -1. Calculate the remainder when s is divided by v.
1
Suppose 4*f = a - 133, 4*f + 5*a + 54 + 97 = 0. Let i = f - -47. Calculate the remainder when 49 is divided by i.
10
Let h = 44 - 47. Let j = -1 + 0. What is the remainder when 69 is divided by (h + 3 - j)*24?
21
Suppose 2*v = -0*v + 4. Suppose -4*d + 2*n = -78, -n + 24 = -d + v*d. Let o = 1681 + -1640. What is the remainder when o is divided by d?
20
Let c be 4/((-24)/(-9))*2. Let n = c - 2. Calculate the remainder when 16 is divided by 3 + -2*(-2 - n).
7
Let k be ((-144)/(-60))/((-4)/(-50)). Suppose -k = -6*b + 4*b. Suppose b*s = 10*s + 280. Calculate the remainder when s is divided by 19.
18
Let n(w) = 3*w**2 + 3*w - 4. Suppose -26*t = -889 + 577. What is the remainder when n(-4) is divided by t?
8
Suppose f - 40 = 2*x, -12*f + 3*x + 165 = -7*f. Calculate the remainder when 113 is divided by f.
23
Let d(i) = -i**3 - 5*i**2 + 3*i + 7. Calculate the remainder when ((-3)/(-6))/((-13)/(-3198)) is divided by d(-6).
23
Let o(i) = -i**2 - 4*i - 10. Let m(n) = -2*n - 13. Let l be m(-10). Let a be o(l). Let t = a